d(t) = -t**3 + 16*t**2 + 19*t - 20. Let r be d(17). Let k = r + -13. Calculate the highest common factor of 1 and k.
1
Suppose -v = -0*v - 56. Let f = -8 + 16. Calculate the greatest common divisor of v and f.
8
Let a be 2 - (-2)/(-4)*-2. Let k = 8 + a. What is the highest common factor of k and 121?
11
Let d be 22*1 + (-3 - -2). Suppose -o = 3*o + 2*w + 14, -o + 2*w + 9 = 0. Let q = o + d. Calculate the highest common divisor of 80 and q.
20
Suppose 4*r - 50 = -r. What is the greatest common factor of r and 4?
2
Let r be (0 - (1 - -2)) + 73. Let o be 2 + 11 - (-2)/2. What is the highest common factor of o and r?
14
Suppose 5*r - 240 = -6*o + o, r - 248 = -5*o. Suppose -46 = -4*w - 3*k, -3*k - 30 = -4*w + 2*k. What is the highest common divisor of o and w?
10
Let b be (0 - -1)/(7/14). Suppose 0 = -3*o + b*v + 101, v = 2*o - 15 - 52. Calculate the greatest common factor of o and 3.
3
Let j be (-6 + 1)*-4 - -2. What is the greatest common factor of j and 55?
11
Suppose -5*y - 4 = -29, -3*d - 3*y + 393 = 0. Let u(t) = t**3 - 4*t**2 - 7. Let v be u(5). Calculate the greatest common divisor of v and d.
18
Let u(w) = 49*w**2 - 1. Let g be u(1). Let b be (-3 - -1)*(-26)/(-4). Let k = b - -19. Calculate the highest common divisor of k and g.
6
Let b be ((42/4)/7)/((-6)/(-128)). What is the highest common factor of b and 8?
8
Let c(g) = -g**2. Let p(t) = -7*t**2 - 4*t - 2. Let u(j) = 3*c(j) - p(j). Let r be u(-2). Calculate the greatest common divisor of 110 and r.
10
Suppose -5*z + 6 + 14 = 0. Let y(p) = -3 + 3*p - 3 + 3*p**3 + z - 4*p**2. Let n be y(2). Calculate the highest common divisor of 48 and n.
12
Let p be 1/((-36)/(-8) + -4). Calculate the highest common divisor of p and 10.
2
Let b be (-151)/(-2) - (-1)/2. What is the greatest common divisor of b and 19?
19
Let i = 426 - 407. Let f = 39 - 20. Calculate the greatest common divisor of i and f.
19
Suppose 2*w = 7 - 3. Suppose -w*c = 2*c - 128. Calculate the highest common divisor of c and 4.
4
Let g(b) = -2*b**3 - 4*b**2 - 3*b - 1. Let n be g(-2). Suppose 0 = -n*q - 4*c + 42, -q = -6*q - c + 33. What is the highest common divisor of q and 12?
6
Suppose 5*a = -25, -2*j + 0*a - 5*a = -85. Suppose -j = y - 6*y. What is the highest common divisor of 77 and y?
11
Let s(y) = 7*y - 7. Let u be s(6). Suppose 3*d - 4*r = -0*r + 51, 0 = -2*d + 3*r + u. What is the greatest common divisor of 117 and d?
13
Let w be (-6 + -1)*(-1 - 0). What is the highest common factor of 1 and w?
1
Let n be 2/3 + (-40)/15. Let f be n/4 + (-1470)/(-4). Let w = f + -257. What is the greatest common divisor of 10 and w?
10
Let a be 0/1 - 3 - (-17 - -6). Calculate the highest common divisor of a and 88.
8
Let o = -40 + 85. Suppose 5*v - 150 = -0*v. Calculate the highest common divisor of v and o.
15
Suppose 3*y - 27 = -6. Let n(a) = 5*a**3 + 3*a**2 - y + 6*a**2 - 5*a - 4*a**3. Let b be n(-7). What is the greatest common factor of 21 and b?
21
Suppose m = 4*m. Suppose m*z = -2*z + 8. What is the highest common divisor of 8 and z?
4
Let n be (-9)/1*(-75)/(-1). Let t = -458 - n. Suppose -4*v + 4*g = -7*v + 161, 4*v - t = -3*g. What is the greatest common factor of 22 and v?
11
Suppose -r = -5 + 1. Let s = r - 2. What is the highest common factor of s and 1?
1
Suppose 0 = 3*p + 3*x - 66, 0 = -6*x + 4*x - 6. Calculate the greatest common divisor of p and 175.
25
Let u = 8 + 58. Suppose 3*c - 165 = u. Let l be ((-2)/(-4))/(4/56). What is the highest common factor of l and c?
7
Let o(x) = -3*x + 6. Let i be o(-6). Calculate the highest common factor of i and 168.
24
Let n = 5 + 10. Suppose 4*f - 130 = -10. Calculate the greatest common factor of f and n.
15
Let b = 18 - 15. Calculate the highest common divisor of 3 and b.
3
Let g(d) = 10*d + 3*d**2 + d - 4 + 0*d**2. Let y be g(7). Calculate the greatest common factor of y and 20.
20
Let p(d) = d**2 + 3*d + 8. Let u be p(-8). What is the highest common divisor of 16 and u?
16
Let q = -106 + 121. Suppose -x = 3*x - 24. What is the greatest common divisor of x and q?
3
Suppose -5*i + 11 - 1 = 0. Suppose 3*n = -t - 2*n + 25, 8 = i*n. Suppose 78 = 5*y + h, -y - 51 = -t*y + 3*h. What is the greatest common divisor of 10 and y?
5
Let w be ((-8)/(-3))/((-8)/(-12)). Let d(s) = -s**2 + 8*s + 2. Let m be d(6). Suppose m = h - 14. Calculate the greatest common divisor of w and h.
4
Let w(m) = 6*m - 7 + 9*m**2 - 2 - 2 + m**3. Let s be w(-8). Suppose 2*q = -s*v + 11, -2*q = q - 9. Calculate the greatest common factor of 2 and v.
1
Suppose x - 4 + 2 = 0. Let l(y) = 28*y**2 - 2. Let j be l(x). Calculate the greatest common divisor of j and 10.
10
Suppose -5*i + 83 = 23. Suppose -2*o - 5*y = -92, -o - y = -2*o + 32. What is the highest common divisor of o and i?
12
Suppose 31 = 2*j - 4*h + 9, 33 = 3*j - 2*h. Calculate the highest common divisor of j and 88.
11
Let p be (-120)/(-3)*(1 + 0). Calculate the greatest common factor of 20 and p.
20
Let h(o) = o**3 - 2*o**2 + 4*o - 7. Let w be 23/4 + 6/(-8). Let v be h(w). Let j be ((-2)/(-2))/(-1)*-11. What is the greatest common divisor of v and j?
11
Suppose -2*d + 4*j = -10, -5*d = -4*j - 56 + 1. Calculate the highest common divisor of d and 30.
15
Suppose -5*m = -10*m + 75. Let x be m*(-4)/(4/(-3)). What is the greatest common factor of 5 and x?
5
Let n(u) = -u**3 - 6*u**2 - 2*u - 3. Let b be n(-5). Let s = 31 + b. Suppose -5*v + 256 = k, -5*k - 13 = 7. Calculate the greatest common factor of v and s.
13
Suppose 5*p - 10*p = -2075. Let z = p - 247. What is the greatest common divisor of z and 24?
24
Suppose -3*t - 10 = 2. Let r be 6/t*(-2 - 14). Let q = -94 + 110. What is the highest common divisor of q and r?
8
Let b be -2 + 3 + 2 + 1. Let l be b/(-18) - (-3250)/45. What is the highest common divisor of 9 and l?
9
Let r = -83 + 119. Suppose -n - n = -r. Let j be 2/6 + (-10)/(-6). Calculate the highest common divisor of j and n.
2
Suppose -3*n + 15 = 2*n. Let a = -173 + 174. Calculate the highest common factor of a and n.
1
Let t(o) = o**2 + 9*o - 8. Let k be t(-9). Let i(p) = -p - 3. Let x be i(k). What is the highest common divisor of x and 30?
5
Suppose 0*f + 20 = -4*f, -5*m + 3*f + 80 = 0. What is the highest common divisor of 143 and m?
13
Let x(g) = 2*g**3 - 5*g**2 + 6*g. Let m be x(4). Suppose 5*c - 78 = m. What is the highest common divisor of 15 and c?
15
Let m(h) = 2*h**3 + 3*h**2 - 1. Let z be m(2). Suppose -3*s + 0*s = -z. What is the highest common factor of s and 99?
9
Suppose 2*b = -5*u + 33, -5*b - 16 = -4*u - 4*b. Suppose 71 = 2*s + 5*p, u*s + 3*p - 164 = 4. What is the greatest common factor of 22 and s?
11
Let c = 31 + -13. Calculate the highest common factor of 27 and c.
9
Suppose 2*v = 3*z + 15, -2*v + 7*v - 34 = 4*z. Calculate the greatest common factor of 66 and v.
6
Let r(o) = -o**3 + 6*o**2 + 8*o - 6. Let t be r(7). Let v be (-1 - 1)/(t/(-5)). Calculate the highest common divisor of 30 and v.
10
Suppose 2*w - 41 = 5*v, -3*v = -8*w + 3*w + 93. What is the highest common factor of 45 and w?
9
Let n(z) = -3*z - 3. Let l be n(-2). Suppose 3*v = -a + 49, -3*a = -l*v - 8*a + 41. Suppose 0 = p - 5 - v. What is the highest common divisor of 11 and p?
11
Let i be 14/((-5)/((-90)/4)). What is the highest common divisor of i and 7?
7
Suppose -4*i + 4*b + 516 = 0, -3*b - b + 16 = 0. What is the highest common factor of i and 19?
19
Suppose -a = -4*k + 765, -4*k + 920 = a + 149. Suppose 48 = -t + k. What is the greatest common factor of t and 18?
18
Suppose g - 29 = -2*g + 2*q, -25 = -5*q. Calculate the greatest common divisor of 13 and g.
13
Let c be 6/12 + (-2)/4. Let o = 2 - c. Calculate the greatest common divisor of 6 and o.
2
Let c be 0/(-2) - 27/(-3). Suppose 0 = d - c - 2. What is the highest common divisor of d and 22?
11
Let p = -127 - -187. Suppose 0 = -5*t - 0 + 5, -4*t + 196 = 4*d. Let z = d - 33. Calculate the greatest common divisor of p and z.
15
Let o(l) = 3*l**2 + 2*l - 2. Let g be o(-3). Let c = g + -11. What is the highest common factor of 20 and c?
4
Let h(i) be the third derivative of i**6/120 - i**5/6 + 3*i**4/8 + 11*i**3/6 + i**2. Let o be h(9). Calculate the highest common factor of 121 and o.
11
Let v(k) = 4*k. Let q be v(7). What is the highest common divisor of q and 28?
28
Let l = 53 + -41. Calculate the gr